 base 16?
bbb
-275 (base 9) to base 11
-19a
What is 13733 (base 8) in base 6?
44135
What is 66 (base 13) in base 2?
1010100
What is 140301 (base 5) in base 16?
1645
8a7 (base 13) to base 14
785
What is 18 (base 10) in base 3?
200
Convert 11 (base 13) to base 6.
22
Convert -232202 (base 5) to base 7.
-33366
What is -1182 (base 13) in base 12?
-1520
What is 201211211 (base 3) in base 6?
150551
Convert 101111000000001 (base 2) to base 5.
1232230
240 (base 7) to base 6
330
What is 1345 (base 11) in base 5?
23433
Convert -453 (base 12) to base 4.
-21333
What is 142 (base 8) in base 16?
62
2244 (base 5) to base 9
400
13100 (base 16) to base 3
10222002212
What is 33502 (base 7) in base 16?
211f
What is -158a9 (base 12) in base 6?
-353533
Convert -10000111001100 (base 2) to base 3.
-102212110
What is 928a (base 15) in base 12?
15ab7
-2f09 (base 16) to base 2
-10111100001001
What is 2251 (base 9) in base 16?
682
Convert 4514 (base 8) to base 7.
6640
1665 (base 12) to base 8
5155
Convert 2486b (base 12) to base 8.
140723
Convert -43298 (base 10) to base 3.
-2012101122
1a0 (base 13) to base 8
453
Convert -5496 (base 14) to base 4.
-3210230
What is -302 (base 6) in base 13?
-86
What is -1043 (base 6) in base 8?
-363
What is 1254 (base 14) in base 2?
110010001010
3001 (base 4) to base 11
166
10313213 (base 4) to base 13
9101
-a54a (base 14) to base 5
-1402421
What is 5705 (base 12) in base 5?
302103
1334 (base 7) to base 4
20003
Convert 40130 (base 6) to base 9.
7160
Convert 213030 (base 5) to base 13.
33cb
30231 (base 4) to base 16
32d
30124 (base 5) to base 4
131322
What is -1011001011011 (base 2) in base 6?
-42255
Convert 10011111 (base 2) to base 8.
237
16301 (base 7) to base 8
10777
What is 365a (base 15) in base 5?
332220
-295 (base 11) to base 2
-101011010
What is -7bb1 (base 12) in base 3?
-200221121
What is -5155 (base 8) in base 11?
-2007
28256 (base 9) to base 16
4adf
What is -628 (base 11) in base 16?
-2f4
2227 (base 8) to base 15
535
What is 13104 (base 5) in base 4?
100011
211112 (base 3) to base 11
503
-48455 (base 9) to base 14
-bb7c
Convert 1514 (base 6) to base 16.
196
-2b1c (base 14) to base 2
-1110111110110
Convert -3030101 (base 4) to base 16.
-3311
-35727 (base 10) to base 16
-8b8f
4c (base 16) to base 8
114
217 (base 14) to base 16
19d
What is 1640 (base 13) in base 10?
3263
Convert -330 (base 7) to base 6.
-440
12c32 (base 15) to base 7
340166
What is -113331 (base 4) in base 14?
-7b7
-12012011 (base 3) to base 9
-5164
304003 (base 5) to base 13
465b
-8037 (base 16) to base 3
-1200000200
Convert 31111 (base 6) to base 13.
1b70
Convert -313 (base 6) to base 12.
-99
1010011101110110 (base 2) to base 10
42870
7955 (base 10) to base 8
17423
-10023 (base 4) to base 6
-1123
Convert -104220 (base 7) to base 16.
-4773
13104 (base 5) to base 11
856
What is -3752 (base 15) in base 16?
-2e01
32122 (base 5) to base 9
2862
Convert 610 (base 9) to base 16.
1ef
-1566 (base 7) to base 13
-39c
What is -1001101110 (base 2) in base 5?
-4442
What is -2414422 (base 5) in base 7?
-245105
What is 313 (base 11) in base 6?
1425
-376b (base 12) to base 16
-1883
What is -136 (base 7) in base 11?
-6a
What is -3d57 (base 14) in base 6?
-122133
What is 242346 (base 7) in base 4?
22300311
6701 (base 10) to base 13
3086
What is -774f (base 16) in base 2?
-111011101001111
Convert 2662 (base 11) to base 12.
2000
What is 1120 (base 10) in base 14?
5a0
What is -8a65 (base 11) in base 13?
-5578
Convert -6b (base 14) to base 6.
-235
Convert -378 (base 10) to base 4.
-11322
What is 659 (base 11) in base 13?
48a
17324 (base 10) to base 15
51ee
-219 (base 12) to base 7
-621
What is -5bb (base 13) in base 6?
-4343
Convert -8941 (base 11) to base 12.
-699a
What is 2120222 (base 4) in base 5?
303040
What is -14012 (base 5) in base 8?
-2154
Convert -21212 (base 5) to base 4.
-112120
Convert -124545 (base 9) to base 15.
-175a8
15017 (base 9) to base 4
2133232
What is 22311330 (base 4) in base 16?
ad7c
181c (base 16) to base 9
8417
Convert 211213 (base 4) to base 13.
1132
-71c (base 13) to base 4
-102320
What is a848 (base 12) in base 4?
10200320
What is 1001000100111111 (base 2) in base 15?
b03d
What is 123620 (base 7) in base 15?
6beb
Convert -212122 (base 3) to base 10.
-638
14040 (base 7) to base 9
5183
4467 (base 10) to base 13
2058
-106 (base 12) to base 15
-a0
1221112 (base 3) to base 5
21133
What is 1a9 (base 13) in base 6?
1232
Convert 29ba (base 16) to base 13.
4b29
What is -15f0 (base 16) in base 10?
-5616
What is b7 (base 13) in base 9?
176
1cba (base 15) to base 13
2aca
Convert 10010100000000 (base 2) to base 16.
2500
What is 1250 (base 6) in base 14?
18a
-4127 (base 10) to base 8
-10037
-55404 (base 7) to base 10
-13920
What is -219 (base 13) in base 16?
-168
What is a204 (base 15) in base 5?
2043304
-7e7 (base 16) to base 3
-2202221
21201 (base 6) to base 4
231001
Convert -496 (base 16) to base 11.
-978
What is -4501 (base 6) in base 8?
-2025
-20622 (base 9) to base 6
-143032
Convert -1d7 (base 14) to base 5.
-3020
-268 (base 13) to base 10
-424
-111000 (base 3) to base 7
-1011
What is -1231 (base 9) in base 4?
-32113
Convert 860 (base 9) to base 6.
3130
What is -210304 (base 5) in base 8?
-15452
Convert -2639 (base 15) to base 11.
-6143
Convert -3324 (base 5) to base 9.
-565
6425 (base 7) to base 6
14305
Convert -31012 (base 5) to base 2.
-11111010111
-21906 (base 13) to base 15
-13066
Convert 16263 (base 7) to base 14.
196a
Convert 11433 (base 5) to base 3.
1012011
What is -6244 (base 8) in base 6?
-22552
What is -77448 (base 9) in base 7?
-302564
What is -4394 (base 14) in base 12?
-6926
-5218 (base 9) to base 5
-110244
72 (base 9) to base 8
101
Convert -1161 (base 10) to base 11.
-966
Convert 6252 (base 8) to base 12.
1a62
What is -25e (base 16) in base 7?
-1524
What is 1024240 (base 5) in base 6?
212433
Convert -33a (base 14) to base 5.
-10030
-2100022 (base 3) to base 15
-78e
-541 (base 8) to base 10
-353
What is 6395 (base 10) in base 15?
1d65
What is -50b (base 16) in base 5?
-20131
Convert -393 (base 11) to base 16.
-1d1
What is -1c8 (base 13) in base 10?
-333
Convert -a21 (base 15) to base 10.
-2281
4a4 (base 11) to base 6
2434
978 (base 12) to base 15
628
Convert -a049 (base 13) to base 6.
-245555
1101001011 (base 2) to base 12
5a3
-6700 (base 14) to base 12
-a3a4
Convert -1343 (base 8) to base 5.
-10424
What is -11 (base 7) in base 3?
-22
2508 (base 15) to base 9
11728
-443 (base 9) to base 12
-263
What is -655 (base 10) in base 12?
-467
Convert -512 (base 10) to base 6.
-2212
883 (base 10) to base 5
12013
-9911 (base 12) to base 4
-10013131
What is -cc3d (base 14) in base 15?
-a70a
What is 16706 (base 9) in base 8?
26364
Convert -453 (base 16) to base 4.
-101103
Convert 54658 (base 10) to base 9.
82871
Convert 110221 (base 3) to base 11.
298
Convert 13414 (base 6) to base 7.
6055
Convert d67 (base 14) to base 15.
bae
What is -11a71 (base 11) in base 8?
-41554
What is 9a72 (base 11) in base 8?
31724
-256 (base 14) to base 10
-468
Convert 1322 (base 7) to base 6.
2202
What is -61136 (base 7) in base 15?
-45d5
What is -5ac (base 13) in base 15?
-45c
Convert 17d0 (base 15) to base 16.
1419
34120 (base 8) to base 12
8414
Convert -1011100110101 (base 2) to base 8.
-13465
Convert -1022020 (base 3) to base 9.
-1266
Convert ad91 (base 14) to base 5.
1430430
What is -75e5 (base 15) in base 10?
-24965
-20381 (base 10) to base 7
-113264
What is 829 (base 12) in base 9?
1556
Convert 331 (base 6) to base 10.
127
What is 122020 (base 3) in base 14?
253
73 (base 15) to base 12
90
What is -1222131 (base 4) in base 8?
-15235
What is -116 (base 11) in base 3?
-12010
What is 3 (base 15) in base 13?
3
Convert -200201 (base 3) to base 4.
-13321
What is 314 (base 9) in base 2?
100000000
Convert -113201 (base 4) to base 11.
-1149
What is -10111110110101 (base 2) in base 9?
-17670
58330 (base 9) to base 15
b7dc
What is d0 (base 15) in base 10?
195
Convert 12300 (base 9) to base 14.
3022
What is -33a1 (base 11) in base 5?
-120332
Convert -542 (base 13) to base 4.
-32003
What is -120114 (base 6) in base 16?
-28ae
Convert 27617 (base 8) to base 14.
4619
-1675 (base 11) to base 12
-12a3
What is -112222212 (base 3) in base 5?
-322211
-1941 (base 15) to base 7
-21631
Convert 6